 m. What is the greatest common divisor of o and 210?
30
Suppose 0 = a + 2*p + 2*p - 387, 0 = 4*a + 3*p - 1509. Let c(i) = i**3 - 60*i - 129. Let n be c(-6). Calculate the greatest common divisor of a and n.
15
Let b = 476 + -840. Let z = -358 - b. Calculate the highest common factor of z and 204.
6
Suppose c = 114*l - 110*l + 436, -334 = 3*l + c. Let x = 13 + -28. Let n be (l/x)/((-6)/(-9)). Calculate the greatest common factor of n and 33.
11
Suppose n = -4*m - 0*m - 208, 3*m - 4*n + 137 = 0. Let b = -53 + m. Let f be b/(-4) + 1 + -3. Calculate the greatest common factor of f and 8.
8
Suppose 310 = 11*j - 350. What is the greatest common factor of j and 1920?
60
Let u = -12231 + 12390. What is the highest common divisor of u and 9010?
53
Let f(m) = -m**3 - 34*m**2 + 111*m + 5. Let q be f(-37). Suppose 0 = 5*l + 4*g - 717, -4*g + 13 = -4*l + 601. What is the greatest common factor of l and q?
5
Let k = -81 - -127. Suppose -5*b = k - 341. Calculate the greatest common factor of 236 and b.
59
Let z(m) = 4*m**2 + 12*m + 11. Let v be z(-4). Let j be 34 + -14*(-5 + 77/14). What is the highest common factor of v and j?
27
Suppose -1426 = -6*h + 1004. Suppose -17*w + 25 = -22*w, 3*w - h = -4*u. Let d be (-1 - (-26)/(-4))*-2. What is the highest common factor of u and d?
15
Suppose 37*m - 39927 - 74281 = 119632. Calculate the greatest common divisor of 1106 and m.
158
Suppose -2286 = -44*s - 570. Calculate the highest common factor of 949 and s.
13
Let o be 9 + ((-42081)/65)/13*-5. What is the greatest common factor of o and 3053?
43
Suppose 103*f - 101*f = -5*a + 203, 4*f - 191 = -5*a. Let i = -36 - -25. Let v = a + i. Calculate the highest common divisor of 16 and v.
16
Let g(j) = -j - 12. Let k be g(-11). Let v be (4 - 7)/(0 - k). Let b be v/((-12)/100) + -1. What is the greatest common factor of 12 and b?
12
Let q be 5*(2490/25 + -1 - 2). Calculate the greatest common divisor of 3 and q.
3
Let x be (((-1140)/9)/(-19))/((-18)/(-3159)). Calculate the greatest common factor of 48 and x.
6
Let d(b) = b**3 + 16*b**2 - 4*b + 23. Let q be d(-14). Suppose 2*a - 144 = -2*r + 54, 3*r = 5*a - q. What is the highest common factor of 36 and a?
12
Let q be (-104)/(-10) + -3*14/105. Suppose 0 = -6*h + q*h - 360. Suppose 0 = -5*c - 4*u + 134, 3*c - u + 2*u = 86. What is the highest common factor of h and c?
30
Suppose 4*r - 49 = 11*r. Let c(b) = -38*b - 63. Let y be c(r). Let d be (0 + 1)/((-3)/(-87)). Calculate the highest common divisor of y and d.
29
Suppose 4*x + 3*w = 281, w + 30 + 35 = x. Let o = -59 + x. Suppose k + o - 12 = 0. Calculate the greatest common factor of 27 and k.
3
Let x(k) = -k**2 - k - 4. Let j be x(-6). Let f be 4 + (-10 - -1) - (-364)/7. Let b = f + j. Calculate the highest common factor of b and 26.
13
Let i(b) = b**2 + 24*b + 80. Let z be i(-20). Suppose -5*a - 455 = -4*y + 565, 4*y + 2*a - 992 = z. Calculate the greatest common divisor of 10 and y.
10
Suppose 18 = s + 92. Let f = s + 54. Let o be (-2)/(f/95) - (-2)/4. Calculate the greatest common factor of 170 and o.
10
Let q(g) = 27*g + 226. Let z be ((-4)/6)/(-9*(-2)/216). Let b be q(z). Calculate the greatest common divisor of b and 15.
5
Let s = -214 + 560. Let n = s + -285. Calculate the greatest common divisor of n and 305.
61
Let m be -5*(17/5 - 4). Suppose 4*q = -5*o + 269, m*o + 5*q = q + 155. What is the greatest common factor of 456 and o?
57
Let y(o) = 524*o**2 + 4*o - 13. Let x be y(2). What is the greatest common factor of 51 and x?
51
Let z = -9116 + 13301. Calculate the greatest common divisor of 135 and z.
135
Let c = -303 + 463. Suppose i = 4, 3*i - 140 = -280*r + 276*r. Calculate the greatest common factor of r and c.
32
Let i(q) = 76*q - 163. Let o be i(29). Calculate the highest common factor of 628 and o.
157
Let p(q) = 615*q**2 - 2*q + 10. Let s be p(2). Let y = s + -1319. What is the highest common factor of y and 31?
31
Let l(d) = -7*d**3 + 14*d**2 + 19*d + 87. Let t be l(-9). Calculate the greatest common factor of t and 63.
21
Suppose 0 = -8*y - 4898 + 5138. What is the greatest common divisor of 1770 and y?
30
Let k be (-1128)/(-27) - (-2)/9. Let h = 51 - k. Suppose -92 = -13*p + h*p. What is the greatest common factor of 115 and p?
23
Suppose 33*s - 1179 - 4352 = 2620. Calculate the highest common divisor of s and 2375.
19
Let q = -245 - -147. Let n = q + 112. What is the greatest common factor of 4 and n?
2
Let b = 2 + 1. Suppose q = 4*s - 24, -4*q - 6 = 6*s - 4*s. Calculate the highest common divisor of b and s.
1
Let t(r) = 38*r - 171. Let f be t(17). Let o = f - 265. Calculate the highest common factor of 28 and o.
14
Let h be 314 - ((-16)/32*4 - 9/(-3)). What is the greatest common divisor of 11581 and h?
313
Suppose 22 = -2*w + 2. Let j be (-5 + 4)*1*(w + -3). Calculate the greatest common factor of 52 and j.
13
Let r(n) = -n + 7. Let x = -35 - -39. Let h be r(x). Suppose h*m = 5 + 40. What is the greatest common divisor of m and 10?
5
Let f(h) = 1505*h**3 - 4*h**2 + 14*h - 10. Let w be f(1). Calculate the highest common divisor of w and 215.
215
Let n(j) = 504*j - 39. Let o be n(1). Calculate the greatest common divisor of 675 and o.
15
Let r(t) = 74*t**2 - 2*t - 1. Let n = 0 - 1. Let b be r(n). Let g(p) = 12*p**2 - 68*p + 138. Let u be g(2). What is the greatest common factor of b and u?
25
Let q = 25704 - 25662. Let h be 28*((-18)/(-3) + 0). Calculate the greatest common factor of q and h.
42
Let g(v) = 24*v**3 + 27*v**2 - 117*v + 167. Let r be g(6). What is the highest common divisor of r and 385?
77
Suppose 1550 = 21*h + 374. Calculate the highest common factor of h and 504.
56
Suppose -4*i + 535 = -2*i + 3*j, -j - 1380 = -5*i. Let h = i - 269. What is the highest common divisor of 12 and h?
6
Suppose -8*n - 3*n = 715. Let j be (-12)/10*n/39. Suppose -j*t + 121 = 5*k, 0*k = 2*t - 5*k - 131. What is the highest common factor of t and 7?
7
Let l = -6 + 9. Suppose 2*g - 222 = -4*a, 0 = a - 4*a + 2*g + 177. Suppose -8 = -61*i + a*i. Calculate the greatest common divisor of i and l.
1
Let m(f) = -61*f + 476. Let b be m(7). Calculate the greatest common factor of 1687 and b.
7
Let z be 2/(-6) + (-93)/(-9). Let o = 53905 + -53635. What is the greatest common factor of o and z?
10
Suppose -45*o - 6*o + 21*o + 3390 = 0. What is the highest common factor of o and 13673?
113
Suppose 3*f + 29949 = 3*c, -29957 = -3*c - 42*f + 47*f. What is the highest common divisor of 17 and c?
17
Suppose 37*y + 65296 = 63*y + 80*y. What is the highest common factor of y and 287?
7
Let f be 3/(-2)*(-2)/3. Let b be -39*(-2 - (-14)/8)*188/141. What is the highest common factor of f and b?
1
Let f be 253/23 - (0 - -1). Let z be 278/5 + (-4)/(-10). Let o = z - 16. What is the greatest common divisor of f and o?
10
Let h be (((-256)/(-6))/(-8))/(124/(-279)). Calculate the highest common divisor of 20 and h.
4
Suppose 0 = 3*u - 1065*t + 1067*t - 66, 4*u = 2*t + 74. What is the highest common divisor of 19000 and u?
20
Suppose 0 = 9*n - 4*n - 60. Let f(i) = i**3 - 11*i**2 - 8*i + 2. Let o be f(n). Suppose q + o = 3*q. What is the highest common factor of q and 10?
5
Let p = -28 - -9. Let m = -16 - p. Suppose 5*z - 323 = a, -5*z + m*z + 2*a = -126. Calculate the highest common divisor of 13 and z.
13
Let s be 1/6 + 161789/186 + -25. What is the highest common factor of s and 975?
65
Let r = 298 + -296. Let p be 477/r + (-30)/60. Calculate the greatest common factor of p and 68.
34
Suppose 0 = -3*o - s - 8, 2*o + 22 = 2*s - 6*s. Let l be (3 + -2)*-95 + o. Let w = 121 + l. What is the highest common factor of 175 and w?
25
Suppose -2*s - 521 + 1987 = 5*m, -s + 298 = m. Calculate the highest common factor of m and 1400.
10
Let u = -106 - -106. Suppose u = -34*d + 39*d - 35. What is the greatest common factor of d and 224?
7
Suppose -5*h = -4*g - 45, 0 = h + 3*g - 2*g. Suppose -h*v = 4*n - 719, -5*n + 8*n = v - 140. Calculate the highest common factor of v and 13.
13
Let s be 113/1 + 0 + 1. Let b be (5 - (-7)/(-5))/1*5. What is the highest common divisor of b and s?
6
Suppose 264 = -x + 271. Suppose -12*q + 4845 = x*q. Calculate the greatest common divisor of 15 and q.
15
Suppose -5*k + 90 = a, 0 = 10*a + 6*k - 2*k - 900. Calculate the greatest common factor of a and 210.
30
Supp